{"id":133,"date":"2018-08-03T15:42:11","date_gmt":"2018-08-03T15:42:11","guid":{"rendered":"http:\/\/tradelingua.homepage.t-online.de\/wordpress\/?page_id=133"},"modified":"2018-08-09T14:54:25","modified_gmt":"2018-08-09T14:54:25","slug":"pool-und-terrassen","status":"publish","type":"page","link":"https:\/\/lahelena.de\/index.php\/pool-und-terrassen\/","title":{"rendered":"Pool und Terrassen"},"content":{"rendered":"<div>\n<div><\/div>\n<div><\/div>\n<\/div>\n<div>\u00a0Auf der Sonnenterrasse mit Sonnenliegen und Sonnenschirm l\u00e4dt ein sch\u00f6ner Salzwasser-Pool mit Au\u00dfendusche zum Erfrischen und Verweilen ein.<\/div>\n<p>Die Au\u00dfendusche wird \u00fcber ein Solarpanel mit warmem Wasser versorgt.<\/p>\n<p>Auf der oberen Terrasse bietet die Pergola (mit zuziehbarem Mosquito-Netz) mit Au\u00dfenbarbacue einen schattigen Platz zum Essen.<\/p>\n<p>Zum Fr\u00fchst\u00fccken steht Ihnen auch eine kleine gem\u00fctliche Sitzecke auf dem Balkon zur Verf\u00fcgung, der vom Wohnzimmer aus zug\u00e4nglich ist.<\/p>\n","protected":false},"excerpt":{"rendered":"<p>\u00a0Auf der Sonnenterrasse mit Sonnenliegen und Sonnenschirm l\u00e4dt ein sch\u00f6ner Salzwasser-Pool mit Au\u00dfendusche zum Erfrischen und Verweilen ein. Die Au\u00dfendusche wird \u00fcber ein Solarpanel mit warmem Wasser versorgt. Auf der oberen Terrasse bietet die Pergola (mit zuziehbarem Mosquito-Netz) mit Au\u00dfenbarbacue einen schattigen Platz zum Essen. Zum Fr\u00fchst\u00fccken steht Ihnen auch eine kleine gem\u00fctliche Sitzecke auf dem Balkon zur Verf\u00fcgung, der vom Wohnzimmer aus zug\u00e4nglich ist.<\/p>\n","protected":false},"author":1,"featured_media":0,"parent":0,"menu_order":0,"comment_status":"closed","ping_status":"closed","template":"","meta":{"footnotes":""},"class_list":["post-133","page","type-page","status-publish","hentry"],"_links":{"self":[{"href":"https:\/\/lahelena.de\/index.php\/wp-json\/wp\/v2\/pages\/133","targetHints":{"allow":["GET"]}}],"collection":[{"href":"https:\/\/lahelena.de\/index.php\/wp-json\/wp\/v2\/pages"}],"about":[{"href":"https:\/\/lahelena.de\/index.php\/wp-json\/wp\/v2\/types\/page"}],"author":[{"embeddable":true,"href":"https:\/\/lahelena.de\/index.php\/wp-json\/wp\/v2\/users\/1"}],"replies":[{"embeddable":true,"href":"https:\/\/lahelena.de\/index.php\/wp-json\/wp\/v2\/comments?post=133"}],"version-history":[{"count":4,"href":"https:\/\/lahelena.de\/index.php\/wp-json\/wp\/v2\/pages\/133\/revisions"}],"predecessor-version":[{"id":138,"href":"https:\/\/lahelena.de\/index.php\/wp-json\/wp\/v2\/pages\/133\/revisions\/138"}],"wp:attachment":[{"href":"https:\/\/lahelena.de\/index.php\/wp-json\/wp\/v2\/media?parent=133"}],"curies":[{"name":"wp","href":"https:\/\/api.w.org\/{rel}","templated":true}]}}